b(p).
-6
Let v(z) = -z + 20. Suppose 0 = 5*o + 2*r - 43, 4*r - 9 = -5*o + 22. What is v(o)?
9
Let h(i) be the first derivative of 4*i**3/3 - 23*i**2 - 24*i + 4161. Calculate h(12).
0
Let k = -1407 + 1411. Let c(h) = -6*h + 14 + 2*h + 0*h - h. What is c(k)?
-6
Suppose -2245 = -9*c + 4*c. Suppose -470 + c = -3*w. Let f(r) = r**3 - 6*r**2 - 5*r + 2. Give f(w).
16
Suppose 12*a - 196 - 608 = 0. Let l(w) = 11*w + 80 - w**2 - a - 6*w. Calculate l(7).
-1
Suppose -5*i = 5*v + 20, 4*i + 3*v + 15 = -0*v. Let l(f) = -2*f - 2. Let s be l(-1). Let a(n) = s - 6 + 1 - n + 6. What is a(i)?
4
Let f(s) = 3*s + 2. Let g(q) = q**2 + 24 + 2*q - 2*q + 3*q. Let x be g(0). Suppose -4*p = -4*z + x, -5*z - 4*p + 0*p = 6. Calculate f(z).
8
Let t(w) = w**3 + 2*w**2 - 4*w + 3. Let q(i) = i**2 - 12*i + 52. Let f be q(6). Suppose 3*r + 3*y = 0, 4*r - f*y + 27 = -11*y. What is t(r)?
6
Suppose 0 = r - 6 - 1. Suppose 2*v - 2*a - 2*a = 2, 0 = v + a - r. Let y(o) = -21 + 65*o + 60 - 66*o + o**3 - 20 - 5*o**2 - 23. Determine y(v).
-9
Suppose -4*w - v + 7 = 0, 3*w + 21*v = 26*v + 11. Let q(i) = -141*i + 74*i + 66*i + 1. Determine q(w).
-1
Let a(x) be the first derivative of x**3/3 - 25*x**2/2 - 37*x + 11307. Give a(26).
-11
Let x(z) be the first derivative of -z**3/3 - 11*z**2/2 + 28*z + 620. What is x(-13)?
2
Let n be ((-3)/((-27)/(-24)))/(4/(-72)). Suppose -5*a - 3*a + n = 0. Let r(k) = -4 - 2*k - a + 3*k + 13. Give r(-3).
0
Let m(q) = q - 12. Let l(a) = -33. Let p(c) = -c - 67. Let z(r) = -5*l(r) + 3*p(r). Let v be z(-12). Let o(y) = -y**3 + 3*y + 5. Let x be o(v). Give m(x).
-7
Let f(z) be the first derivative of 4*z**2 - 2. Suppose 0*d - 5*d + 480 = 0. Let k be 5/6 + (-176)/d. What is f(k)?
-8
Let s(c) be the first derivative of -19*c**2 - c + 205. Determine s(-1).
37
Let n(k) be the third derivative of -k**4/24 - 2*k**3/3 + 2*k**2. Let t(b) = -28*b**3 - 4*b**2 - 2*b + 1. Let l be t(-1). Suppose l*z = 17*z. Give n(z).
-4
Let s(d) = -5*d - 1. Let c(b) = b**3 + 4*b**2 - 14*b - 8. Let h be c(-6). Suppose -33 + 9 = -3*t + 4*p, -p = h*t - 13. Suppose -t + 6 = j. What is s(j)?
-11
Let k(o) be the second derivative of 25 - 2*o**2 + 1/6*o**3 - o. Give k(7).
3
Let z be 12/24*-2*10. Let f be z*(-2)/(-4) + 1 + 10. Let g(i) = i**3 - 4*i**2 - 13*i + 2. What is g(f)?
-4
Let f be (-8 + 3)/(297/(-264) + 1/8). Let w(j) = -j**3 + 9*j**2 - 11*j - 5. What is w(f)?
40
Let k = 333 - 226. Let y = k - 119. Let w(z) = z**2 + 13*z + 16. Calculate w(y).
4
Let c(x) = x**2 - 30*x + 149. Let k be c(24). Let f(j) be the second derivative of 0 + 2/3*j**4 - 2*j + 1/2*j**2 - 4/3*j**3 - 1/20*j**k. What is f(7)?
-6
Let t = -12 + 7. Let u(z) = -4*z**3 - 4*z**2 + 3*z. Let w(r) = -3*r**3 - 5*r**2 + 4*r - 1. Let p(l) = t*w(l) + 4*u(l). Give p(8).
5
Let q(l) = -l**2 - l + 19. Let a be 8/3*(-231)/154. Determine q(a).
7
Let i(g) = g**3 + 6*g**2 + 5*g - 11. Let l be 1*30/(-20)*30/9. Give i(l).
-11
Let u(d) = d**3 + 18*d**2 + 22*d + 80. Let t be u(-17). Let q(r) = 8*r - 20. Let h(l) = -23*l + 55. Let z(i) = -6*h(i) - 17*q(i). What is z(t)?
0
Let k(f) = -f**3 - f**2 - 2*f - 17. Let o(y) = 24*y - 1848. Let r be o(77). Give k(r).
-17
Let z(m) = m**3 + m**2 + m - 18. Let f = -66 + 68. Suppose -f*j = j - 5*j. Give z(j).
-18
Let i(t) = -227 - 58*t + 22*t + 25*t. Let w be i(-20). Let m(z) = -z**2 - 8*z + 1. Give m(w).
8
Let x(c) be the second derivative of -c**4/12 - 10*c**3/3 + 54*c**2 + 7*c + 120. Calculate x(-25).
-17
Let f(j) = -j**2 + 7*j + 8. Let o(x) = 191*x + 21. Let c be o(1). Let r = c + -206. Give f(r).
14
Let q(u) = u**2 + 31*u - 64. Let f be q(-33). Let i(b) = 3*b**2 + b + 6. Let r(s) = -4*s**2 - 8. Let h(k) = -5*i(k) - 4*r(k). Determine h(f).
-4
Let s(k) = -k. Let h(d) = 14*d + 2. Let x(w) = -h(w) + 8*s(w). Suppose -6*g - 16 - 2 = 0. Let b(n) = -23*n - 1. Let z(f) = g*b(f) + 2*x(f). Determine z(-1).
-26
Let s(v) = v**2 - 7*v + 10. Let c(i) = 17*i**2 + 8*i**2 + i**2 + 29 - 3*i**2 - i**3 - 23*i. Let j be c(22). Determine s(j).
10
Let l(b) = -2308*b - 2298*b - 2308*b + 11523*b + 1 - 2295*b - 2298*b. Let c = 1 - -1. Calculate l(c).
33
Let m be (-1 - 2 - -1)/(-2). Let u be (3 - m)*(7 - (3 - 3)). Let r(o) = -2 + 2 - u*o + 10*o. What is r(5)?
-20
Let z(s) be the second derivative of 3*s**5/10 - s**4/2 + s**3/3 + 2*s**2 + 6048*s. What is z(2)?
32
Suppose o - 3*o - 6 = 0, o + 3 = k. Let d(q) = q**2 + k*q**2 - 3 - 6*q + 4. Suppose 117*t = 41*t - 52*t + 896. Give d(t).
8
Let a be (-5)/15*-3*-3*2. Let b be 2*(1 + -6)*(-3)/a. Let n(f) = -2*f - 2. What is n(b)?
8
Let p = 16463 - 16435. Let i(t) = -5*t + 105. Calculate i(p).
-35
Let u(n) = 4*n - 1. Suppose 2*x + 5*a - 6 - 1 = 0, 5*x - 90 = 2*a. Suppose -7*d + 4 = -12*d + 2*t, 5*t + 19 = -2*d. Let f be d - (-46)/8 - (-4)/x. Give u(f).
15
Let j(y) = 7*y**2 - 8*y + 57. Let x(k) = -4*k**2 + 7*k - 28. Let a(o) = 3*j(o) + 5*x(o). Determine a(-4).
3
Let r(s) = -s**3 - 9*s**2 - 19*s + 4. Let b be r(-4). Let j be (1/6 + b)/((-17)/(-102)). Let u(q) = -3*q**3. Calculate u(j).
-3
Let z(k) = 43*k**2 - 4*k + 3. Let j(t) = 13*t**2 - 2*t + 1. Let c(m) = 10*j(m) - 3*z(m). What is c(10)?
21
Let b = -3329 + 3337. Let v(j) = j**2 - 4*j - 1. Calculate v(b).
31
Let s(m) = -2*m**2 + 38*m - 36. Let x(q) = -q**2 - 5*q + 12. Let k be x(-3). Let n be s(k). Let p(h) = h - 18. Calculate p(n).
-18
Let f(c) = 40 - 19*c**2 - c + 16*c**2 - 26 - 2*c. Calculate f(3).
-22
Let h be ((-6)/(-36)*-2)/(1/(-9)). Let n(z) = -1 + z + 16396*z**h - z - 16376*z**3. Determine n(-1).
-21
Suppose 0 = -10*z + 4*z + 120. Suppose z = 5*w - 0. Let o(h) = -h**2 + 4*h - 4. Calculate o(w).
-4
Let k(j) = -4*j - 12. Let b(g) = 19*g + 91. Let x(y) = b(y) + 3*k(y). What is x(-6)?
13
Let x = -568 + 572. Let w(f) = -5*f + 4. Let c(a) = 26*a - 21. Let k(m) = 2*c(m) + 11*w(m). Give k(x).
-10
Let z be 0*(96/(-132))/8. Let d(s) be the first derivative of -s**4/4 - 5*s - 1. Give d(z).
-5
Let u(x) = 8*x + 60. Suppose 716*b + 4742 = -270. Give u(b).
4
Let g(c) = -18*c - 86. Let b(o) = -28*o - 129. Let m(k) = 7*b(k) - 11*g(k). Give m(-26).
-9
Suppose 76 = 4*z - 4*d, z + 4*z = -4*d + 23. Let m(y) = -y**3 + 11*y**2 + y + 1. What is m(z)?
12
Let l(s) = -s**3 - 16*s**2 + 58*s. Let i be l(3). Let z(y) be the first derivative of y + 1/2*y**2 - 21 + 2*y**i. Determine z(-1).
6
Let b be (6 - (19 + -11))/(2/(-19)). Let a(w) = w**2 - 16*w - 57. Give a(b).
0
Let g = -5517 + 5521. Let v(l) = 5*l**2 - 14*l - 19. What is v(g)?
5
Let z = -6 - -8. Let l be 7/((-2)/z) - -2. Let d(u) = 72*u - 19. Let f(c) = 101*c - 28. Let n(s) = 7*d(s) - 5*f(s). Determine n(l).
12
Suppose -12*r = -23*r + 5511. Let h = 507 - r. Let s(a) = -7*a + 4. Give s(h).
-38
Suppose 4*l = 2*g - 4*g - 14, -4*l = g + 15. Let a(i) = -2 + g + i + 4. Let d be 20 - (2 - (9 - -17))*-1. Give a(d).
-1
Let n = 3035 - 3035. Let w(l) be the third derivative of l**6/120 + l**5/60 + 2*l**3/3 - 35*l**2. What is w(n)?
4
Let k = 1299 + -598. Let f(c) = -1 + k*c - 702*c - 5. Calculate f(-3).
-3
Let g(h) be the third derivative of h**5/60 + 7*h**4/8 + 25*h**3/6 - 117*h**2. Determine g(-13).
-79
Let p(u) be the first derivative of u**3/3 - u**2 - 5*u - 10. Let k(q) = 3*q - 18. Let n be k(7). Suppose -n*o - 3 = -15. What is p(o)?
3
Let n(r) = -1752324*r + 1752323*r - 104 - 3*r**2 + 2*r**2. Calculate n(0).
-104
Let o(u) = 2*u**2 - 2*u - 1. Let n(p) = -p**3 - 18*p**2 - 54*p + 42. Let s(c) = n(c) - 4*o(c). What is s(-24)?
-2
Let v(m) = 20*m - 10. Let p(l) = -19*l + 8. Let c be (-16)/24 + (-16)/3. Let d(i) = c*p(i) - 5*v(i). Determine d(-3).
-40
Let q(k) = -k**3 - 7*k**2 - 2*k - 7. Let d(m) = -2*m**2 + 12*m + 7. Let b(j) = -3*j**2 + 9*j - 5. Let v be b(6). Let t = -52 - v. Let r be d(t). What is q(r)?
7
Let s(m) = 2*m**3 - 15*m**2 + 7*m - 10. Suppose -2*g - l = -g - 3, 5*l = 4*g - 48. Let f be s(g). Let r(u) = -u - 19 + 25 - 17. Give r(f).
-1
Let q(n) = -12*n**2 - n + 44. Let h(f) = 23*f**2 + f - 81. Let c(x) = 6*h(x) + 11*q(x). Give c(-2).
32
Let k(t) be the second derivative of 1/2*t**4 - 22*t - 1/20*t**5 + 1 - t**3 + 3/2*t**2. Determine k(4).
11
Let f(v) = -v**2 - 4*v + 4. Let b be f(-5). Let q(n) be the third derivative of 0*n - 1/6*n**4 + 37*n**2 + 1/6*n**3 + 0. Calculate q(b).
5
Let c(j) = 5*j**2 - 84*j - 112. Let q be c(18). Let v(z) = -z**2 - 8*z - 4. What is v(q)?
12
Let r(s) = -63*s + 101. Let y(i) = 50*i